{"id":2893,"date":"2026-01-09T10:53:45","date_gmt":"2026-01-09T10:53:45","guid":{"rendered":"https:\/\/cidec.net\/enpleguempleo\/?page_id=2893"},"modified":"2026-02-10T09:50:37","modified_gmt":"2026-02-10T09:50:37","slug":"jornada-2026","status":"publish","type":"page","link":"https:\/\/cidec.net\/enpleguempleo\/jornada-2026\/","title":{"rendered":"Jornada 2026"},"content":{"rendered":"\t\t<div data-elementor-type=\"wp-page\" data-elementor-id=\"2893\" class=\"elementor elementor-2893\">\n\t\t\t\t\t\t\t\t\t<section class=\"elementor-section elementor-top-section elementor-element elementor-element-b77420a elementor-section-boxed elementor-section-height-default elementor-section-height-default\" data-id=\"b77420a\" data-element_type=\"section\">\n\t\t\t\t\t\t<div class=\"elementor-container elementor-column-gap-default\">\n\t\t\t\t\t<div class=\"elementor-column elementor-col-100 elementor-top-column elementor-element elementor-element-8cbffd7\" data-id=\"8cbffd7\" data-element_type=\"column\">\n\t\t\t<div class=\"elementor-widget-wrap elementor-element-populated\">\n\t\t\t\t\t\t\t\t<div class=\"elementor-element elementor-element-fc37a18 elementor-widget elementor-widget-heading\" data-id=\"fc37a18\" data-element_type=\"widget\" data-widget_type=\"heading.default\">\n\t\t\t\t<div class=\"elementor-widget-container\">\n\t\t\t<style>\/*! elementor - v3.12.1 - 02-04-2023 *\/\n.elementor-heading-title{padding:0;margin:0;line-height:1}.elementor-widget-heading .elementor-heading-title[class*=elementor-size-]>a{color:inherit;font-size:inherit;line-height:inherit}.elementor-widget-heading .elementor-heading-title.elementor-size-small{font-size:15px}.elementor-widget-heading .elementor-heading-title.elementor-size-medium{font-size:19px}.elementor-widget-heading .elementor-heading-title.elementor-size-large{font-size:29px}.elementor-widget-heading .elementor-heading-title.elementor-size-xl{font-size:39px}.elementor-widget-heading .elementor-heading-title.elementor-size-xxl{font-size:59px}<\/style><span class=\"elementor-heading-title elementor-size-large\">Jornada 2026 - 11 de Marzo<\/span>\t\t<\/div>\n\t\t\t\t<\/div>\n\t\t\t\t\t<\/div>\n\t\t<\/div>\n\t\t\t\t\t\t\t<\/div>\n\t\t<\/section>\n\t\t\t\t<section class=\"elementor-section elementor-top-section elementor-element elementor-element-6ac0d6f elementor-section-boxed elementor-section-height-default elementor-section-height-default\" data-id=\"6ac0d6f\" data-element_type=\"section\">\n\t\t\t\t\t\t<div class=\"elementor-container elementor-column-gap-default\">\n\t\t\t\t\t<div class=\"elementor-column elementor-col-100 elementor-top-column elementor-element elementor-element-969a242\" data-id=\"969a242\" data-element_type=\"column\">\n\t\t\t<div class=\"elementor-widget-wrap elementor-element-populated\">\n\t\t\t\t\t\t\t\t<div class=\"elementor-element elementor-element-bc4842c elementor-widget elementor-widget-text-editor\" data-id=\"bc4842c\" data-element_type=\"widget\" data-widget_type=\"text-editor.default\">\n\t\t\t\t<div class=\"elementor-widget-container\">\n\t\t\t<style>\/*! elementor - v3.12.1 - 02-04-2023 *\/\n.elementor-widget-text-editor.elementor-drop-cap-view-stacked .elementor-drop-cap{background-color:#69727d;color:#fff}.elementor-widget-text-editor.elementor-drop-cap-view-framed .elementor-drop-cap{color:#69727d;border:3px solid;background-color:transparent}.elementor-widget-text-editor:not(.elementor-drop-cap-view-default) .elementor-drop-cap{margin-top:8px}.elementor-widget-text-editor:not(.elementor-drop-cap-view-default) .elementor-drop-cap-letter{width:1em;height:1em}.elementor-widget-text-editor .elementor-drop-cap{float:left;text-align:center;line-height:1;font-size:50px}.elementor-widget-text-editor .elementor-drop-cap-letter{display:inline-block}<\/style>\t\t\t\t<h3>Para presentar los avances y compromisos que las instituciones y entidades estamos desarrollando,\u00a0<b>invitamos a todos los agentes institucionales y sociales que est\u00e1is participando en la construcci\u00f3n de este Pacto a la sesi\u00f3n que organizaremos el pr\u00f3ximo 11 de marzo<\/b>. En esta sesi\u00f3n, adem\u00e1s de hacer balance del a\u00f1o 2025, aprovecharemos para presentar las l\u00edneas estrat\u00e9gicas del nuevo Plan trienal de Empleo 25-27.<\/h3><h3><span data-olk-copy-source=\"MessageBody\">Nuestro objetivo es que sea un acto din\u00e1mico que nos permita intercambiar experiencias y compartir con otros agentes los avances y retos que tenemos en materia de empleo.<\/span><\/h3>\t\t\t\t\t\t<\/div>\n\t\t\t\t<\/div>\n\t\t\t\t\t<\/div>\n\t\t<\/div>\n\t\t\t\t\t\t\t<\/div>\n\t\t<\/section>\n\t\t\t\t\t\t\t<\/div>\n\t\t","protected":false},"excerpt":{"rendered":"<p>Jornada 2026 &#8211; 11 de Marzo Para presentar los avances y compromisos que las instituciones y entidades estamos desarrollando,\u00a0invitamos a todos los agentes institucionales y sociales que est\u00e1is participando en la construcci\u00f3n de este Pacto a la sesi\u00f3n que organizaremos el pr\u00f3ximo 11 de marzo. En esta sesi\u00f3n, adem\u00e1s de hacer balance del a\u00f1o 2025, aprovecharemos para presentar las l\u00edneas<\/p>\n<p><a class=\"more-link\" href=\"https:\/\/cidec.net\/enpleguempleo\/jornada-2026\/\">Leer m\u00e1s<\/a><\/p>\n","protected":false},"author":1,"featured_media":0,"parent":0,"menu_order":0,"comment_status":"closed","ping_status":"closed","template":"","meta":{"_mc_calendar":[],"footnotes":""},"class_list":["post-2893","page","type-page","status-publish","hentry"],"_links":{"self":[{"href":"https:\/\/cidec.net\/enpleguempleo\/wp-json\/wp\/v2\/pages\/2893","targetHints":{"allow":["GET"]}}],"collection":[{"href":"https:\/\/cidec.net\/enpleguempleo\/wp-json\/wp\/v2\/pages"}],"about":[{"href":"https:\/\/cidec.net\/enpleguempleo\/wp-json\/wp\/v2\/types\/page"}],"author":[{"embeddable":true,"href":"https:\/\/cidec.net\/enpleguempleo\/wp-json\/wp\/v2\/users\/1"}],"replies":[{"embeddable":true,"href":"https:\/\/cidec.net\/enpleguempleo\/wp-json\/wp\/v2\/comments?post=2893"}],"version-history":[{"count":14,"href":"https:\/\/cidec.net\/enpleguempleo\/wp-json\/wp\/v2\/pages\/2893\/revisions"}],"predecessor-version":[{"id":3484,"href":"https:\/\/cidec.net\/enpleguempleo\/wp-json\/wp\/v2\/pages\/2893\/revisions\/3484"}],"wp:attachment":[{"href":"https:\/\/cidec.net\/enpleguempleo\/wp-json\/wp\/v2\/media?parent=2893"}],"curies":[{"name":"wp","href":"https:\/\/api.w.org\/{rel}","templated":true}]}}

<div data-elementor-type="wp-page" data-elementor-id="2893" class="elementor elementor-2893">
									<section class="elementor-section elementor-top-section elementor-element elementor-element-b77420a elementor-section-boxed elementor-section-height-default elementor-section-height-default" data-id="b77420a" data-element_type="section">
						<div class="elementor-container elementor-column-gap-default">
					<div class="elementor-column elementor-col-100 elementor-top-column elementor-element elementor-element-8cbffd7" data-id="8cbffd7" data-element_type="column">
			<div class="elementor-widget-wrap elementor-element-populated">
								<div class="elementor-element elementor-element-fc37a18 elementor-widget elementor-widget-heading" data-id="fc37a18" data-element_type="widget" data-widget_type="heading.default">
				<div class="elementor-widget-container">
			<style>/*! elementor - v3.12.1 - 02-04-2023 */
.elementor-heading-title{padding:0;margin:0;line-height:1}.elementor-widget-heading .elementor-heading-title[class*=elementor-size-]>a{color:inherit;font-size:inherit;line-height:inherit}.elementor-widget-heading .elementor-heading-title.elementor-size-small{font-size:15px}.elementor-widget-heading .elementor-heading-title.elementor-size-medium{font-size:19px}.elementor-widget-heading .elementor-heading-title.elementor-size-large{font-size:29px}.elementor-widget-heading .elementor-heading-title.elementor-size-xl{font-size:39px}.elementor-widget-heading .elementor-heading-title.elementor-size-xxl{font-size:59px}</style><span class="elementor-heading-title elementor-size-large">Jornada 2026 - 11 de Marzo</span>		</div>
				</div>
					</div>
		</div>
							</div>
		</section>
				<section class="elementor-section elementor-top-section elementor-element elementor-element-6ac0d6f elementor-section-boxed elementor-section-height-default elementor-section-height-default" data-id="6ac0d6f" data-element_type="section">
						<div class="elementor-container elementor-column-gap-default">
					<div class="elementor-column elementor-col-100 elementor-top-column elementor-element elementor-element-969a242" data-id="969a242" data-element_type="column">
			<div class="elementor-widget-wrap elementor-element-populated">
								<div class="elementor-element elementor-element-bc4842c elementor-widget elementor-widget-text-editor" data-id="bc4842c" data-element_type="widget" data-widget_type="text-editor.default">
				<div class="elementor-widget-container">
			<style>/*! elementor - v3.12.1 - 02-04-2023 */
.elementor-widget-text-editor.elementor-drop-cap-view-stacked .elementor-drop-cap{background-color:#69727d;color:#fff}.elementor-widget-text-editor.elementor-drop-cap-view-framed .elementor-drop-cap{color:#69727d;border:3px solid;background-color:transparent}.elementor-widget-text-editor:not(.elementor-drop-cap-view-default) .elementor-drop-cap{margin-top:8px}.elementor-widget-text-editor:not(.elementor-drop-cap-view-default) .elementor-drop-cap-letter{width:1em;height:1em}.elementor-widget-text-editor .elementor-drop-cap{float:left;text-align:center;line-height:1;font-size:50px}.elementor-widget-text-editor .elementor-drop-cap-letter{display:inline-block}</style>				<h3>Para presentar los avances y compromisos que las instituciones y entidades estamos desarrollando, <b>invitamos a todos los agentes institucionales y sociales que estáis participando en la construcción de este Pacto a la sesión que organizaremos el próximo 11 de marzo</b>. En esta sesión, además de hacer balance del año 2025, aprovecharemos para presentar las líneas estratégicas del nuevo Plan trienal de Empleo 25-27.</h3><h3><span data-olk-copy-source="MessageBody">Nuestro objetivo es que sea un acto dinámico que nos permita intercambiar experiencias y compartir con otros agentes los avances y retos que tenemos en materia de empleo.</span></h3>						</div>
				</div>
					</div>
		</div>
							</div>
		</section>
							</div>

<p>Jornada 2026 &#8211; 11 de Marzo Para presentar los avances y compromisos que las instituciones y entidades estamos desarrollando, invitamos a todos los agentes institucionales y sociales que estáis participando en la construcción de este Pacto a la sesión que organizaremos el próximo 11 de marzo. En esta sesión, además de hacer balance del año 2025, aprovecharemos para presentar las líneas</p>
<p><a class="more-link" href="https://cidec.net/enpleguempleo/jornada-2026/">Leer más</a></p>
